s divided by 20?
19
Let v(l) = l**3 + 17*l**2 + l + 25. Let n be v(-17). Let j be n/(-28) + 46/14. Suppose 0 = j*i - 17 - 40. What is the remainder when 30 is divided by i?
11
Let l(r) = -16*r + 18*r - 2 - 8 + 1. Let w = 1671 - 1668. What is the remainder when l(7) is divided by w?
2
Calculate the remainder when 1366 is divided by 140/224 + 5036/32.
102
Suppose -44 = 4*n + 2*b, -5*n - 61 = -0*b + 4*b. Let t(h) = 2*h**3 + 19*h**2 - 30. Calculate the remainder when 146 is divided by t(n).
44
Suppose 0*r = 3*r - 3671 + 2990. What is the remainder when r is divided by 173?
54
Suppose 3*p - 3*m - 8040 = 0, -66*m = -64*m + 8. Calculate the remainder when p is divided by 48.
36
Suppose h = -2*v + 1292, -5*v + 7*v + 3876 = 3*h. Calculate the remainder when h is divided by 54.
50
Let f = 719 - 486. Calculate the remainder when f is divided by ((-385)/(-25) - 15)/((-8)/(-1180)).
56
Suppose 452 = 34*g + 590 - 1600. What is the remainder when 434 is divided by g?
4
Let g = 205 + -199. Suppose 19*a = g*a + 364. What is the remainder when 91 is divided by a?
7
Let u(a) = -a**3 + 3*a**2 + 10*a - 26. Let t be u(-6). Let q = -226 + t. What is the remainder when q is divided by 7?
5
Suppose -3 - 12 = -5*g. Suppose 3*z = -g*n + 42, 3*n = -z + 3*z + 37. Suppose n*t - 11*t = 46. Calculate the remainder when 28 is divided by t.
5
Suppose -26*u + 35 + 433 = 0. Calculate the remainder when 10455 is divided by u.
15
Let r(i) = 146*i - 2637. What is the remainder when r(46) is divided by 1018?
7
Let s be (-2 + -1)/((-6)/(-28)). Calculate the remainder when -1 + 5 + -73*13/(-13) is divided by (-12)/(-42) - 360/s.
25
Let a be 18/27*(88 + 2). Suppose -2*q + a = 4*f - 10, 2*q + f = 76. What is the remainder when 130 is divided by q?
13
Calculate the remainder when 567 is divided by (-480 + 472)/((0 - -2)/(-6)).
15
Let f(r) = 7*r**2 - 115*r - 738. What is the remainder when f(-6) is divided by 10?
4
Let m(c) = c**3 - c**2 - 2*c - 3. Let j(t) = 6*t**2 - 83*t + 88. What is the remainder when j(13) is divided by m(3)?
5
Let v(i) = 3*i**2 + 8*i - 144. Let f be v(-16). Let a = f - 387. What is the remainder when a is divided by 11?
10
Let a(s) = -230*s - 854. What is the remainder when a(-5) is divided by 52?
36
Let a(m) = 4*m - 24. Let l be a(10). Suppose l*k = 18*k - 6. Suppose -k*y - 4 = -46. What is the remainder when 36 is divided by y?
8
Let z = 251 + -205. Calculate the remainder when z is divided by 2 + (8*-7)/(-4).
14
Suppose -170 = -g + 4*j, -388 = 8*g - 10*g - 4*j. Suppose 4*d = -o + 39, 2*o - 84 = -3*d - 2*d. What is the remainder when g is divided by o?
45
Let l(n) = 156*n + 1970. Let y be l(-10). Let i = 1 + -1. Suppose i = 12*u - 2*u - y. What is the remainder when u is divided by 9?
5
Let l = -12604 - -13466. What is the remainder when l is divided by 253?
103
Suppose -c = -12*k + 15*k - 253, 3*k - 260 = -2*c. Calculate the remainder when k is divided by 77.
5
Suppose 5*s - 2*o + 471 = 0, -5*o + 341 + 124 = -5*s. Let y = s + 246. What is the remainder when y is divided by 22?
19
Let x = 5166 - 5138. Suppose 10 - 25 = -5*p. Suppose k + 2*g - 3 = -p*g, -2*k + x = -g. What is the remainder when k is divided by 5?
3
Let d(a) = 19*a**3 + 7*a**2 - 20*a - 4. What is the remainder when d(5) is divided by 1219?
8
Suppose -3*o - 2*o = 2*n - 60, 3*o + n - 36 = 0. Let k = -3507 + 3517. Calculate the remainder when o is divided by k.
2
Let z be (-129)/(-172) - 29/(-4). Suppose 5*a - 100 = 20*n - 15*n, -2*n = z. What is the remainder when 239 is divided by a?
15
Suppose -3*d + 4*d = -3*m + 96, -d = -m + 28. What is the remainder when 686 is divided by m?
4
Suppose 55*i - 58*i = 0. Suppose i = -7*n - 65 + 135. Calculate the remainder when 29 is divided by n.
9
Suppose 3*z + 96 = 2*w, 5*z + w = -4*w - 135. Calculate the remainder when 130 is divided by (-1024)/z + 30/(-225).
28
Let p = 103 + -106. Calculate the remainder when 79 is divided by ((-45)/(-10))/p*40/(-3).
19
Let l = -25 + 32. Suppose l - 19 = 3*t. What is the remainder when 21 is divided by (1 + 3)/(t - (-6 - -1))?
1
Let g = 655 - 249. What is the remainder when g is divided by 36?
10
Let x = 144724 + -144716. Let h be (3/2)/((-3)/(-8)). Suppose k = -2*y + h*y + 31, -3*y = 0. Calculate the remainder when k is divided by x.
7
Let l(i) = i**2 + 2*i - 4*i**2 + 0*i**2 + 8 + 5*i - i**3. Suppose 0 = -57*s + 110*s - 48*s - 75. Calculate the remainder when l(-6) is divided by s.
14
Suppose 3*d + 136 = -d. Suppose 5*u + 4*r + 271 = 0, 3*r + 114 = u - 3*u. Let j = d - u. What is the remainder when 48 is divided by j?
14
Let k be (-2937)/(-15) - 42/(-35). Suppose -3*b - k = -4*b. Calculate the remainder when b is divided by 58.
23
Let i = 2 - 0. Suppose r + y + 263 = 0, 2*r + y + i*y + 525 = 0. Calculate the remainder when r/(-9) + (-4)/(-6) is divided by 16.
14
Let v(a) = -3*a + 9. Let u be (-18)/63 - 634/(-14). Suppose 0 = -8*l - l - u. What is the remainder when 94 is divided by v(l)?
22
Suppose -16074 = -58*k - 2908. What is the remainder when k is divided by 67?
26
Let m be (-1 - -5) + (-11*12)/(-1). Suppose 160 = 8*p - m. What is the remainder when p is divided by 24?
13
Let n = 188 + -183. Suppose 2*h = -4*k + 32, 0 = h - k + 4 - n. Calculate the remainder when 28 is divided by h.
4
Suppose 11715*m = 11504*m + 422. Suppose -5*j + 39 = -3*z, 4*z + 12 = -5*j + 65. What is the remainder when j is divided by m?
1
Let u be (18 - 28)/(2/(-261) - 0). Suppose u + 195 = 15*q. What is the remainder when q is divided by 158/6 - 3/9?
22
Let j = -60 + 65. Suppose -a - 3*b - b + 2 = 0, j*a - 46 = -2*b. Suppose 4*f - 118 = 2*f. What is the remainder when f is divided by a?
9
Let p(v) = -8*v**2 + 22*v + 4. Let x be p(3). Calculate the remainder when 8/x + 18*(-45)/(-5) is divided by 55.
48
Let z = 12614 + -9050. Calculate the remainder when z is divided by 123.
120
Suppose -4*r = 4*m + r - 290, 4*m - 3*r - 306 = 0. Let a = -27 + 34. Let o = a + 32. Calculate the remainder when m is divided by o.
36
Let h(r) = -61*r - 616. Calculate the remainder when 440 is divided by h(-13).
86
Suppose -3*d + 25 = 10*z, 5*d - 11*z + 14*z = 28. What is the remainder when 1108 is divided by d?
3
Suppose 2*h - 3*g - 6 = 0, -g + 2 = -4*h + 2*h. Calculate the remainder when 225 is divided by (h/(-9))/((25/(-180))/(-5)).
9
Let x(l) = l**3 + 33*l**2 - 42*l - 1308. Suppose r - 6*r + 105 = 0. What is the remainder when x(-33) is divided by r?
15
Suppose -4*g + 362 = -2*f, -g + 5*f + 289 = 203. What is the remainder when 92 is divided by g?
1
Suppose -336 = 179*l - 187*l + 7272. What is the remainder when l is divided by 21?
6
Let j = 802 + -793. Suppose 4*v + 1 = -11. What is the remainder when (-1324)/(-12) + v/j is divided by 37?
36
Let c(h) = -h**2 + 9*h - 20. Let k be c(4). Suppose k = -2*f + 8 + 20. Let n(r) = -r**3 - 13*r**2 + 17*r. What is the remainder when n(-15) is divided by f?
13
Suppose -52 - 161 = -3*a. Suppose 52 = 3*i + 2*w, 14883*i - 14878*i - 95 = 5*w. Calculate the remainder when a is divided by i.
17
Suppose -112*x + 109*x - 148 = -5*f, 2*f - x - 59 = 0. What is the remainder when 1533 is divided by f?
25
Suppose 4*a - 5*y + 10 = 2*a, -10 = -5*a - 5*y. Let n = 32 + a. Suppose -i = -n + 3. What is the remainder when i is divided by 6?
5
Let j = -140 - -290. Suppose -3*b = j - 162. Calculate the remainder when 17 is divided by b.
1
Let w = 21 - 9. Suppose -5*y + 182 = -4*p, 9*y - 4*y - p = 188. Suppose 40*z = y*z + 140. Calculate the remainder when z is divided by w.
10
Let k(w) = w**2 + 8*w - 6. Let j be k(-9). Suppose -3*x - 2*n + j*n = -162, -43 = -x + 4*n. Calculate the remainder when 155 is divided by x.
45
Let t = -220 - -293. Suppose r + 2*r + 2 = d, -4*r - 4*d + 24 = 0. Suppose -14 - r = -c. Calculate the remainder when t is divided by c.
13
Suppose 275*z - 444034 = -282170 + 696411. Calculate the remainder when z is divided by 120.
1
Suppose -29*u = 1307 - 9988 - 25626. Calculate the remainder when u is divided by 198.
193
Suppose 3*f - 28*j + 26*j = 156, 4*j + 260 = 5*f. Calculate the remainder when 518 is divided by f.
50
Let j = -2403 + 2983. Calculate the remainder when j is divided by 97.
95
Let q = 915 - 829. Calculate the remainder when q is divided by 25.
11
Suppose 1847 = -25*y + 1972. Calculate the remainder when 3053 i